)/(-18) is divided by 12?
10
Let q be (16/64 - 36/16) + 49. Suppose 5 = 5*u, 5*u = -w - 0*w + 54. Let p = w - q. What is the remainder when 7 is divided by p?
1
Suppose -2*i = i - 4*i + 1497. Calculate the remainder when i is divided by 189.
174
Suppose -16*a - 584 = 680. Let n = -59 - a. Calculate the remainder when 59 is divided by n.
19
Let u be (-6)/(-4)*6144/(-64). Let x = -115 - u. What is the remainder when 106 is divided by x?
19
Suppose 0 = 4*h + 4*q + 80 - 488, 4*q = 3*h - 285. Let v = 212 + -98. Suppose 0 = -7*m + 61 + v. What is the remainder when h is divided by m?
24
Let r(x) = -x**3 - 14*x**2 - 17*x - 33. Let v be r(-13). Suppose v*n = 4*n + 405. What is the remainder when n is divided by 4?
3
Let h = 91 - 45. What is the remainder when h is divided by (-32 + 48)*(-1)/((-2)/2)?
14
Let z(l) = 137*l - 1225. What is the remainder when z(10) is divided by 103?
42
Let o(f) = 2*f**3 - 40*f**2 - 32*f - 43. Let a = 318 - 297. Calculate the remainder when o(a) is divided by 19.
15
Let u(h) = -9*h**3 + 60*h**2 - 76*h - 7. Suppose w + 2*y - 33 = 0, -3*y + 72 = 2*w - 2*y. What is the remainder when u(4) is divided by w?
36
Let a = -110 - -121. Suppose -3*v + a = 4*p, 0 = 3*v - 7*v - 4*p + 12. What is the remainder when 220 is divided by v - ((-108)/(-1))/(-3)?
35
Let c(s) = -195*s - 4577. What is the remainder when c(-24) is divided by 26?
25
Suppose -2*h - 3*w + 18 = -w, 0 = -3*h + 4*w - 1. Suppose 0 = -4*d - h + 417. Calculate the remainder when d is divided by -11 - (-21 + -25 - 0).
33
Let m be (3 + -9)/((-4)/2). Suppose 2*g - 3*g + 38 = -m*w, 5*w + 34 = g. What is the remainder when g is divided by (15/(-7) - -3)*14?
8
Let c = 186 + -181. Suppose 0 = 4*y + 2*j - 87 - 5, -2*y = c*j - 30. What is the remainder when y is divided by 8?
1
Let w = 10923 - 10906. What is the remainder when 1065 is divided by w?
11
Let q = -349 + 52. What is the remainder when 52 is divided by (q/54)/(2/(-4))?
8
Let l(g) = g**2 + 11*g - 66. Let h be l(-15). Let n = -11 + 74. Let r = h + n. Calculate the remainder when r is divided by 15.
12
Let i(g) = -10*g**3 + 7*g**2 + g. Suppose 4*z + 12 = 24. Let w be i(z). Let j = 328 + w. Calculate the remainder when j is divided by 32.
28
Let w = 96 - 34. Let f(t) = 78*t**2 + 337*t - 24. What is the remainder when f(-5) is divided by w?
55
Let z = 12 + -4. Let s = -1154 + 1186. Calculate the remainder when s is divided by z + (3 - 1) + 1.
10
Let b(h) = -2*h - 3. Let f(u) = -5*u - 8. Let t(d) = 7*b(d) - 2*f(d). Let k = -60 + 101. Calculate the remainder when k is divided by t(-5).
11
Let t = -5397 + 5459. What is the remainder when 425 is divided by t?
53
Calculate the remainder when 6707 is divided by 6 - -7*(2/(-3))/((-14)/3).
1
Suppose -5*c + 2*b - 246 = 0, -1 = -5*b - 11. Calculate the remainder when (-2 + (-10)/(-6))*6 - c is divided by 13.
9
Suppose 0 = t + 5*s - 43, 4*t - 27*s + 32*s = 172. Calculate the remainder when t is divided by 27.
16
Let y(u) be the first derivative of u**3/3 + 21*u**2/2 - 14*u - 63. What is the remainder when 169 is divided by y(-25)?
83
Let r be 1/((-4)/10*1/94). Let d = 812 + r. What is the remainder when d is divided by 34?
33
Suppose 3*s - 27 - 8 = -4*i, -5*i = s - 30. Suppose -3*r + 349 = -5*t, 4*r - t = -s*t + 412. Let f = 34 - 12. Calculate the remainder when r is divided by f.
20
Let c = -10461 - -11445. What is the remainder when c is divided by 64?
24
Let o = 73 + -70. Calculate the remainder when (-1 - o) + -12*(-9)/2 is divided by 16.
2
Suppose 4*u = 2*m - 426, -589 = -m - 2*m - 4*u. Let l = -119 + m. What is the remainder when l is divided by 30?
24
Let g(x) = 4*x**3 - 7*x**2 + 9*x + 6. Let r(d) = -d**2 - 18*d - 4. Calculate the remainder when g(2) is divided by r(-17).
2
Let i be 6*(-4)/(-12) + 714/3. Suppose -20*m + 8*m = -i. What is the remainder when m is divided by 14?
6
Let t = 17012 - 16702. Calculate the remainder when t is divided by 57.
25
Let a(h) = -h**3 + 21*h**2 - 14*h - 82. Let n be a(15). Suppose 0 = -27*m + 4*m + n. Calculate the remainder when m is divided by 36.
10
What is the remainder when (1056/(-99))/(-16) - 2*(-5942)/12 is divided by 172?
131
Let a = -1561 + 1571. Suppose -4*c + 2*b = 4, 2*c + 5*b = 3*c + 10. Suppose c = -8*f + 3*f, -p + 39 = 5*f. What is the remainder when p is divided by a?
9
Suppose 0 = -2*c - x + 4663, x + 1054 = 3*c - 5928. Calculate the remainder when c is divided by 772.
13
Suppose -9*c + 10*c = -2*s + 105, -209 = -2*c - 5*s. What is the remainder when c is divided by 98?
9
Let t(w) = 22*w**2 - 11*w + 15. Let p be t(2). Let m = -50 + p. What is the remainder when 57 is divided by m?
26
Suppose -4*t + 3*x + 1054 = 0, -3*x + 0*x = 4*t - 1066. What is the remainder when t is divided by 364/20 - -3*12/45?
18
Let a(q) = 7*q + 189. Suppose -5*f - 2*h - 95 = 0, -27*h = -f - 30*h - 6. Calculate the remainder when 80 is divided by a(f).
38
What is the remainder when (-1 + -18111)*(7866/152)/(-69) is divided by 95?
94
Suppose -57*p + 9736 = -6153 - 35981. Calculate the remainder when p is divided by 83.
80
Let k = -13 + 37. Let g = 111 + -91. Suppose k*i - 24 = g*i. Calculate the remainder when 11 is divided by i.
5
Let z(q) = -23 - 7*q + 5*q + 43. Calculate the remainder when 5/10 + (-90)/(-4) is divided by z(4).
11
Suppose 16*y - 12*y = -4*x + 544, x - 142 = -4*y. What is the remainder when 525 is divided by x?
123
Suppose 0 = -11*v + 24*v + 9126. Let a = v - -724. Calculate the remainder when 593 is divided by a.
21
Let u(z) = -3 + 2*z + z + 3*z**3 + 5*z**2 + z**3 - 3*z**3. Let a be u(-3). Suppose -11*m + a*m = -65. Calculate the remainder when 23 is divided by m.
10
Suppose 6*x + 568 - 628 = -14*x. Calculate the remainder when 3/3 - -23 - -1 is divided by x.
1
Let i = -1653 + 1637. Suppose -23 = -2*t - a + 2*a, -32 = -3*t + 2*a. Let s = t - i. Calculate the remainder when 58 is divided by s.
28
Let j = -2271 + 2281. Calculate the remainder when j is divided by 7.
3
Let l = -238 + 268. What is the remainder when 371 is divided by l?
11
Let c = 1636 + -1614. What is the remainder when 89 is divided by c?
1
Let j(q) = -14*q**3 + 7*q**2 - 29*q - 78. Calculate the remainder when 19439 is divided by j(-2).
119
Let f = 10 + -7. Suppose t + f = -z + 9, -4*t = -5*z + 48. Calculate the remainder when 11 + 0 + (-12)/(-4) is divided by z.
6
Let r(k) = -k**3 - 5*k**2 - 4*k + 6. Let c be r(-3). Let l(f) = -4*f + 31. What is the remainder when 58 is divided by l(c)?
27
Let f = 856 + -1210. Let m = f - -459. What is the remainder when m is divided by 14?
7
Calculate the remainder when ((-19)/2 - -7) + (-109744)/(-32) is divided by 36.
7
Let g be 11/22 + 125/2. Let m = 68 + g. Let u = m - 54. What is the remainder when u is divided by 21?
14
Let k(y) = -4*y**2 - 2*y + 56. Let g be k(6). Let d = g + 103. Suppose 2*f = 7*f - 15. What is the remainder when f is divided by d?
0
Suppose 194*r = -17341 + 90244 + 213441. What is the remainder when r is divided by 11?
2
What is the remainder when ((-214)/8)/(((-24)/(-24))/(-12)) is divided by 107?
0
Suppose 5*t + 260 = 3*b, -b - 3*t + 89 + 7 = 0. Suppose -39 = 5*g - 3*m - 130, 0 = 4*g + 2*m - 86. What is the remainder when b is divided by g?
10
Let u = 137 - 115. Let g = -35 + 36. Suppose -g = -x + 57. Calculate the remainder when x is divided by u.
14
Suppose 2*v = 3*r + 7*v + 65, 2*r + 5*v + 50 = 0. Calculate the remainder when r/6*(-1056)/80 is divided by 6.
3
Suppose 8 - 6 = 2*u. Let h(c) = 4*c - 2. Let z(k) = -k**3 + 2*k + 23. What is the remainder when z(0) is divided by h(u)?
1
Let p(a) = -6*a - 3. Suppose -3*k - 84 = -5*b - 2*k, -4*b = 3*k - 90. Calculate the remainder when p(-6) is divided by b.
15
Suppose -z = 4*g - 15, 3*z + 3*g - 8 = 10. Let d(v) = -9 + v**2 + 22*v + 10*v**2 + 38*v**3 - 37*v**z. What is the remainder when 33 is divided by d(-8)?
5
Let v(u) = u**3 - 11*u**2 - 19*u - 15. Let b = -189 - -202. Calculate the remainder when v(b) is divided by 41.
35
Let a be 1/(-7) - (-4 + (-3180)/14). Suppose -17*t - a = -38*t. Calculate the remainder when (214/(-4))/((-6)/12) is divided by t.
8
Let k(r) = -r**3 + 6*r**2 + 17*r - 2. Let u be k(8). Suppose 0*f + u*f - 6 = 0. Calculate the remainder when 28 is divided by 1/2*f*(16 + -4).
4
Let w = -20583 + 21793. Calculate the remainder when w is div